 9*f**3. Let o(q) = 5*q**3. Let t(i) = -6*l(i) + 10*o(i). What is t(n)?
4
Let n(o) be the second derivative of -1/20*o**5 + 1/4*o**4 - 1/2*o**2 - 1/3*o**3 + 0 - 4*o. Let h be (-1 - 1) + 1 - -3. What is n(h)?
-1
Let d(s) = -s**3 + 2*s**2 + s + 2. Let k(t) = -8*t**2 + 2*t - 5. Let b(y) = -d(y) + k(y). What is b(10)?
3
Let a(m) be the third derivative of m**5/60 - 5*m**4/24 + m**2 - 13. Calculate a(7).
14
Let u(w) = w**2 + 5*w. Suppose -5*j - 13 = 3*l, -l + 4*j + 22 - 15 = 0. What is u(l)?
-4
Suppose 30 = 3*g + 21. Let f = -2 + 3. Let o(c) = c + 6. Let l(b) = -1. Let p(w) = f*o(w) + 2*l(w). Determine p(g).
7
Suppose 5*w - 3*w + 10*w = 0. Let i = -6 + 11. Let g(a) = -4*a**3 + 5*a**3 - 2*a**3 + i. What is g(w)?
5
Suppose -u - 4 = -3*u. Let h(m) = -2*m**2 - 1 + 6*m + m**u + 1. Suppose 0*x - 3*z = -2*x - 3, -3*z = -x - 9. Calculate h(x).
0
Let q(k) = 8*k**2 - k - 1. Suppose -3*n - 3 = 2*v + 1, -2*n = 5*v + 10. What is q(v)?
33
Let b(s) = 14*s - 3 - 13*s - 3. Let i(p) = -2*p + 12. Let w(h) = -9*b(h) - 4*i(h). Let m be (-1)/2*(1 + -13). Give w(m).
0
Suppose 6*r - 4*r + 6 = 0. Let u(a) = 11*a**2 + 27*a + 5. Let i(g) = 5*g**2 + 12*g + 2. Let k(m) = -9*i(m) + 4*u(m). Determine k(r).
-7
Let y(n) = -n + 2. Let u = -23 - -28. Suppose u = -2*g - 7. Give y(g).
8
Let p(d) = 15*d**2 + 9*d + 5. Suppose -58 = 5*j - 13. Let r(i) = 7*i**2 + 4*i + 2. Let s(v) = j*r(v) + 4*p(v). Determine s(2).
-10
Let b(u) be the second derivative of u**3 - 2*u - 3/2*u**2 + 0. Suppose -q + r - 13 = -2*r, -q + 12 = 2*r. Calculate b(q).
9
Suppose 7*j - 3*s + 52 = 2*j, 2*j + 12 = -s. Let q(v) = -v**2 - 5*v + 8. Determine q(j).
-16
Let q(d) = 3*d**2 + 5*d - 6. Suppose 7*n - 5*n + 5*r + 21 = 0, 4*r = -20. Determine q(n).
16
Let k(f) = -10*f - 14*f + 9*f**3 + 2*f**2 - 5*f + 30*f. Determine k(-1).
-8
Let g(f) = -4 - 5 + 8. Let v(u) = 3*u + 8. Let k(l) = 4*g(l) + v(l). Let w(s) = 3*s. Let n be w(-1). Give k(n).
-5
Let d(l) = -l**2 - 18*l - 54. Let a(t) = t**2 + 18*t + 59. Let r(y) = -3*a(y) - 2*d(y). Give r(-13).
-4
Let a = -12001 + 11998. Let g(k) = 3*k + 8. Let r(d) = d + 4. Let w(n) = -2*g(n) + 5*r(n). What is w(a)?
7
Let t be 25*((-2)/(-31) - (-21)/155). Let g(v) = -v**3 + 7*v**2 - 10*v + 13. Determine g(t).
13
Let q(y) = -y**2 - 4*y - 5. Let g be ((-42)/(-2))/((-28)/20 + 2). Suppose -2*d + z + 4*z - g = 0, -10 = -d - 3*z. Give q(d).
-10
Suppose 0 = -5*w - 25, -5*a + 29 = w - 6. Suppose a*j - 3 = 7*j. Let b(g) = g**2 - g + 2. Give b(j).
8
Let d(i) = -2*i + 6. Let m = 10 + -19. Let t = -58 + 43. Let a = m - t. Calculate d(a).
-6
Let x be -2 - 1*(-1 - -3). Let m(l) = l**2 + 2*l - 4. Let u be m(x). Let v(d) = u*d - 4*d + 1 + 0*d - 3*d. Give v(2).
-5
Suppose -6*w - 2 = -7*w. Let b(z) = 0*z - 3*z - z**2 + 5*z + w*z. Let u(p) = p**3 + 3*p**2 - 2*p - 3. Let n be u(-3). Determine b(n).
3
Let w(t) be the third derivative of t**7/840 - t**6/360 - t**5/120 + t**3/2 + 4*t**2. Let m(f) be the first derivative of w(f). Let x = 57 + -58. Give m(x).
-1
Suppose 105 = 2*l + 5*l. Suppose 4*s = -s - l. Let k(q) = -q + 0*q - 12 + 5. What is k(s)?
-4
Let u(i) = -i**3 + i**2 - i. Let x(v) = 7*v + 101. Let d be x(-14). Determine u(d).
-21
Let x = -49 + 60. Suppose m + 60 = -x*m. Let c(v) = -v**2 - 7*v - 1. Give c(m).
9
Let h(l) be the first derivative of -4*l**2 - 4 + 2*l**2 - 2*l**2 + 5*l**2 + 8*l. What is h(-6)?
-4
Let l(b) = 3*b + b + 5 - 5*b + 8. Suppose 39*n + 45 = 44*n. Determine l(n).
4
Let v(x) = x**2 - 2*x + 3. Let r(p) = 3*p**2 - 6*p + 9. Let y be (-18)/15*20/(-6). Let g(u) = y*r(u) - 11*v(u). Determine g(2).
3
Let v(h) = 14*h + 6*h - 21*h - 2*h**2 + h**2. Let m be ((72/15)/4)/(8/(-20)). Give v(m).
-6
Let q be (-176)/(-48) - (-2)/(-3). Let u(y) = -2 + q - 3*y - y**2 - 3 + 4. What is u(-5)?
-8
Let w(n) = 2*n**3 - n**2 + 2*n - 1. Let h(l) = 11*l**3 + 5*l**2 + 39*l - 16. Let a(t) = h(t) - 6*w(t). Determine a(13).
3
Let g(w) be the second derivative of w**5/20 - 5*w**4/12 + 5*w**3/6 - 3*w**2/2 - 29*w. Calculate g(4).
1
Let s(v) = v**2 + 1. Let n = -10 - -14. Let y(p) = -8*p**2 - 3*p - 4. Let g(h) = n*s(h) + y(h). Calculate g(-2).
-10
Let n(h) = h**3 - h**2 + h. Suppose -4 = -2*f, 2*v - 5*f + 3*f = -10. Determine n(v).
-39
Suppose 3*u + 2*v + 154 = 0, 0*u - 3*u - 5*v - 151 = 0. Let d = 52 + u. Let z(a) = -a + 5. Give z(d).
5
Let h = -11 + 3. Let q(s) = 5 - 3 + 9*s + s**2 + 0. Give q(h).
-6
Suppose -h = -x, 5 = -x - 2*h - 1. Let w(z) = 250 + 0*z - 252 + 2*z. Determine w(x).
-6
Let n be 9/2*(-16)/(-12). Let g(q) = 17*q + 2. Let y(p) = 114*p + 12. Let k(m) = 20*g(m) - 3*y(m). What is k(n)?
-8
Suppose -21*r + 104*r = 415. Let z(b) be the second derivative of -b**2 + 0 - 1/4*b**4 + 1/20*b**r + 5*b - b**3. Determine z(5).
18
Let g(q) = -q + 3*q - 10 - q. Let k be g(10). Let x(d) = 0*d**2 + 0 - 5 - 28*d + 29*d + d**2. Give x(k).
-5
Let q = 143 - 143. Let k(h) be the second derivative of h**5/20 + h**4/12 + 5*h**2/2 + 4*h. Determine k(q).
5
Suppose 1 + 9 = 2*t. Suppose 2*c - 40 = t*z - 4, -5*z = -c + 33. Let p(u) = -u**3 - 7*u**2 - 6*u - 9. Calculate p(z).
-9
Let q(p) = 2*p + 9. Suppose -16*j + 11*j - 56 = -4*h, 2*h + 8 = -2*j. What is q(j)?
-7
Let z be -1 - ((0 - 2) + 1). Let h(r) = -4 + 4 - 2 + z*r + r. Give h(0).
-2
Let c(k) be the first derivative of -10*k**3/3 - k**2 - k - 78. Calculate c(-1).
-9
Let t(u) = -2*u. Let q = 38 + -35. Suppose -5*h + 36 = -4*m, 3*h - 2*m + q*m - 8 = 0. Let y be (-1)/h + 42/(-24). Give t(y).
4
Let b(a) = a**3 - 17*a**2 - 19*a + 16. Let f be b(18). Let z be (22/22)/((-1)/f). Let t(l) = -2*l**3 + l**2 + 2*l - 1. Determine t(z).
-9
Let j(m) be the second derivative of m**6/180 - m**5/120 - 7*m**4/6 + 21*m. Let h(f) be the third derivative of j(f). Determine h(1).
3
Let l(n) = 1909*n**2 + n**3 - 1914*n**2 + 8 - 2*n + 4. Calculate l(5).
2
Let j(u) be the first derivative of -1 + 1/2*u**2 - u. Let c be 1*(-9)/(-21) - 800/560. Give j(c).
-2
Suppose -27 = 3*k - 3*p, -15 = 2*k + k + p. Let i(b) = -6*b**3 + 41*b**2 + b - 56. Let q(s) = -s**3 + 8*s**2 - 11. Let x(h) = -2*i(h) + 11*q(h). Give x(k).
3
Let p(v) be the second derivative of v**6/360 - 7*v**5/120 + 5*v**4/24 - 10*v**3/3 - 9*v. Let n(y) be the second derivative of p(y). Calculate n(5).
-5
Let w(q) = 28*q + 79. Let y(t) = 13*t + 37. Let l(r) = 6*w(r) - 13*y(r). Determine l(-4).
-3
Suppose 0 = 3*i - 8 - 1. Let r(v) = -4*v**2 + 4 - 5 + i*v + 12*v**2 - v**3 - 10. Determine r(8).
13
Let g(v) = v**3 - v**2 + v - 5. Let x be 18*1 - (-2 - 0). Suppose 4*r + r = z + 4, -4*r + x = -5*z. Calculate g(r).
-5
Let l = -5 + 11. Let b(o) be the first derivative of -o**4/4 + 2*o**3 + o**2/2 - 3*o - 53. What is b(l)?
3
Let n(w) = 15*w + 4. Let t(v) = 67*v + 18. Let r(m) = 9*n(m) - 2*t(m). What is r(10)?
10
Let a(l) be the third derivative of l**6/120 + l**5/15 + l**4/24 - 5*l**3/6 + 193*l**2. What is a(-4)?
-9
Let w(p) = -16*p**2 + 17*p + 19. Let d(f) = -7*f**2 + 8*f + 9. Let m(s) = 7*d(s) - 3*w(s). Give m(4).
10
Let m = 82 + -77. Suppose -m*x + 11 = -24. Let a(d) be the third derivative of d**4/24 - 3*d**3/2 + d**2. Determine a(x).
-2
Let b(v) = 3*v - 12. Let g(x) = -x + 1. Let o(c) = b(c) + 4*g(c). Calculate o(-12).
4
Let z(c) = -c**3 + 7*c**2 - 4*c + 15. Suppose -8*m - 150 = -206. Give z(m).
-13
Let f(b) be the second derivative of b**4/12 + b**3/6 + 10*b**2 + 3*b + 5. What is f(0)?
20
Let q = 7 + -12. Let s = q - -3. Let m(i) = i**2 - 6*i - 1. Let z(j) = -3*j**2 + 14*j + 2. Let c(b) = 5*m(b) + 2*z(b). What is c(s)?
-1
Let b be 3*(25/5 + -4). Let g(j) be the second derivative of 0 - 8*j + j**2 + 1/6*j**b. What is g(-2)?
0
Let l(f) = 2*f**2 + 8*f - 7. Let g be l(2). Let i(d) = -d**3 + 18*d**2 - 17*d + 9. Determine i(g).
9
Let x(q) = 4 - 8*q + 16*q**2 + 15*q**2 - 30*q**2. Let u(a) = a**2 + 3*a + 3. Let s be u(-4). Determine x(s).
-3
Suppose -5*b - 744 = 57*b. Let y(t) = t + 3. Calculate y(b).
-9
Let o(f) be the third derivative of f**4/8 - 3*f**3/2 - 64*f**2. What is o(6)?
9
Let m(d) be the second derivative of -d**4/12 + 3*d**3/2 - 3*d**2 - 12*d. Suppose -2*r = -l - 8, 0*r - 14 = r - 5*l. What is m(r)?
12
Suppose 62*n = -6*n + 68. Let p(q) = 9*q**2 - 2. What is p(n)?
7
Let v(p) = p**3 + 5*p**2 - 2*p + 3. Let a be (0 - 1 - -3)*14/4. Suppose a*s + 50 = 15. Determine v(s).
13
Let b(d) be the first derivative of -d**4/4 - 10*d**3/3 - d**2 + 6*d - 23